{"id":295,"date":"2021-03-19T08:14:29","date_gmt":"2021-03-19T07:14:29","guid":{"rendered":"https:\/\/tsipisek.eu\/?page_id=295"},"modified":"2021-03-19T08:14:39","modified_gmt":"2021-03-19T07:14:39","slug":"tc-place","status":"publish","type":"page","link":"https:\/\/tsipisek.eu\/index.php\/tc-place\/","title":{"rendered":"TC PLACE"},"content":{"rendered":"<div class=\"flex_column av_one_full  flex_column_div av-zero-column-padding first  \" style='border-radius:0px; '><p><section class=\"av_textblock_section \"  itemscope=\"itemscope\" itemtype=\"https:\/\/schema.org\/CreativeWork\" ><div class='avia_textblock  '   itemprop=\"text\" ><p>Projekt<\/p>\n<h2>Multimedi\u00e1ln\u00ed odborn\u00e1 u\u010debna TC Place<\/h2>\n<\/div><\/section><br \/>\n<section class=\"av_textblock_section \"  itemscope=\"itemscope\" itemtype=\"https:\/\/schema.org\/CreativeWork\" ><div class='avia_textblock  '   itemprop=\"text\" ><h3>je spolufinancov\u00e1n Evropskou uni\u00ed.<\/h3>\n<p>C\u00edlem projektu je vznik multimedi\u00e1ln\u00ed odborn\u00e9 laborato\u0159e TC PLACE na podporu neform\u00e1ln\u00edch vzd\u011bl\u00e1vac\u00edch aktivit v oblasti informa\u010dn\u00edch a komunika\u010dn\u00edch technlogi\u00ed, technick\u00fdch a navazuj\u00edc\u00edch obor\u016f.<\/p>\n<\/div><\/section><br \/>\n<div style=' margin-top:30px; margin-bottom:30px;'  class='hr hr-custom hr-center hr-icon-no  '><span class='hr-inner   inner-border-av-border-fat' style=' width:100%; border-color:#003399;' ><span class='hr-inner-style'><\/span><\/span><\/div><\/p><\/div><div class='flex_column_table av-equal-height-column-flextable -flextable' ><div class=\"flex_column av_one_half  flex_column_table_cell av-equal-height-column av-align-middle av-zero-column-padding first  \" style='border-radius:0px; '><div class='avia-image-container  av-styling-    avia-align-center '  itemscope=\"itemscope\" itemtype=\"https:\/\/schema.org\/ImageObject\"  ><div class='avia-image-container-inner'><img class='avia_image ' src='https:\/\/tsipisek.eu\/wp-content\/uploads\/2021\/03\/logo-IROP-.png' alt='' title='logo IROP'   itemprop=\"thumbnailUrl\"  \/><\/div><\/div><\/div><\/div><!--close column table wrapper. Autoclose: 1 --><div class='flex_column_table av-equal-height-column-flextable -flextable' ><div class='av-flex-placeholder'><\/div><div class=\"flex_column av_one_half  flex_column_table_cell av-equal-height-column av-align-middle av-zero-column-padding   \" style='border-radius:0px; '><div class='avia-image-container  av-styling-    avia-align-center '  itemscope=\"itemscope\" itemtype=\"https:\/\/schema.org\/ImageObject\"  ><div class='avia-image-container-inner'><img class='avia_image ' src='https:\/\/tsipisek.eu\/wp-content\/uploads\/2021\/03\/mmr_cr_rgb.jpg' alt='' title='mmr_cr_rgb'   itemprop=\"thumbnailUrl\"  \/><\/div><\/div><\/div><\/div><!--close column table wrapper. Autoclose: 1 --><\/p>\n","protected":false},"excerpt":{"rendered":"","protected":false},"author":9,"featured_media":0,"parent":0,"menu_order":0,"comment_status":"closed","ping_status":"closed","template":"","meta":{"footnotes":""},"class_list":["post-295","page","type-page","status-publish","hentry"],"_links":{"self":[{"href":"https:\/\/tsipisek.eu\/index.php\/wp-json\/wp\/v2\/pages\/295","targetHints":{"allow":["GET"]}}],"collection":[{"href":"https:\/\/tsipisek.eu\/index.php\/wp-json\/wp\/v2\/pages"}],"about":[{"href":"https:\/\/tsipisek.eu\/index.php\/wp-json\/wp\/v2\/types\/page"}],"author":[{"embeddable":true,"href":"https:\/\/tsipisek.eu\/index.php\/wp-json\/wp\/v2\/users\/9"}],"replies":[{"embeddable":true,"href":"https:\/\/tsipisek.eu\/index.php\/wp-json\/wp\/v2\/comments?post=295"}],"version-history":[{"count":4,"href":"https:\/\/tsipisek.eu\/index.php\/wp-json\/wp\/v2\/pages\/295\/revisions"}],"predecessor-version":[{"id":301,"href":"https:\/\/tsipisek.eu\/index.php\/wp-json\/wp\/v2\/pages\/295\/revisions\/301"}],"wp:attachment":[{"href":"https:\/\/tsipisek.eu\/index.php\/wp-json\/wp\/v2\/media?parent=295"}],"curies":[{"name":"wp","href":"https:\/\/api.w.org\/{rel}","templated":true}]}}